 tens digit of k?
0
Let s(m) = 3*m**2 + m + 8. Let p(f) = -2*f + 1. Let l be p(4). Let r be s(l). Suppose 3*y - 80 = r. What is the tens digit of y?
7
Suppose 5 = -5*w, 77 + 245 = -b + 4*w. Let k = -227 - b. What is the tens digit of k?
9
Let d(w) = 0 - 1 + 5 - w. Let t be d(0). Suppose -4*u = 2*y - 8, -y - 2*u + 28 = t*y. What is the units digit of y?
6
Let h = -8 - -18. Let m(y) = y**2 - 8*y + 13. Let n be m(h). Suppose -2*j = -3*j + n. What is the units digit of j?
3
Let u(y) = 4*y**3 - 14*y**2 + 11*y - 9. Let a(n) = -n**3 + n**2 - n + 1. Let m(g) = -3*a(g) - u(g). What is the units digit of m(10)?
6
Suppose -2*p = 3*k - 25, 2*k - p = -3*p + 18. Suppose 0*y - 497 = -k*y. What is the units digit of y?
1
Suppose n + 4*n - 3*y = 25, -5*n - 2*y = -25. Suppose 2*u = n*u - 69. What is the units digit of u?
3
Let w be (-3)/1 + (-105 - -2). Let v = -52 - w. Suppose 4*r = 3*m + v, -42 + 5 = -3*r + 4*m. What is the units digit of r?
5
What is the units digit of (-5868)/(-28) - 12/(-28)?
0
Let s be 0/(11/22 + 6/4). What is the units digit of ((-26)/(-3) - 4)*(s + 18)?
4
Let y(b) = -1. Let z(a) = 12*a - 7. Let p(h) = 3*y(h) + z(h). What is the tens digit of p(11)?
2
Let x(r) = -792*r**3 + r**2 - 8*r - 8. What is the hundreds digit of x(-1)?
7
Let p(o) = -o**3 + 7*o**2 + 4*o - 3. Suppose -3*c = 5*i - 35, -i = -3*i - 3*c + 14. Let v be p(i). Let f = -16 + v. What is the units digit of f?
9
Suppose -u = -x - 2, -u + 7*x - 5*x = 1. Suppose l - 118 = u*t, 5*l - 3*t - 236 = 3*l. What is the hundreds digit of l?
1
Let q = 206 + -68. What is the tens digit of q?
3
Let u(f) = 11*f**3 - 31*f**2 + 30*f - 24. Let b(j) = 7*j**3 - 21*j**2 + 20*j - 16. Let n(i) = -8*b(i) + 5*u(i). What is the hundreds digit of n(11)?
1
Let r = -11 + 16. Suppose 7*i - 152 = r*i. What is the tens digit of i?
7
Let n be (0/3)/(6 + -4). Suppose 4*u - 13 = d, 2*d = 3*u - 6 - n. Suppose -2*f = f - z - 30, d*f - 24 = 3*z. What is the units digit of f?
1
Let x(v) = -3*v + 35. Let t be x(8). Suppose -67 = -n + t. What is the tens digit of n?
7
Suppose -3*s - 563 = -1463. Suppose s = 38*i - 32*i. What is the units digit of i?
0
Let o be (-16)/(-48) - (-14)/3. Suppose -3*i + 182 = 4*f - 2*f, -5*i + 295 = -o*f. What is the units digit of i?
0
Let o be (1 - 1)/(0 + 2). Suppose 4*v - 2*i + i - 105 = o, -5*i = -15. Suppose -d = -4*w + v, 2*d - d - 15 = -2*w. What is the units digit of w?
7
Let p(u) = 17 - 8*u + u - u - 5. What is the tens digit of p(-9)?
8
Suppose 2*k = 7*k. What is the units digit of (k - 0) + 52/26?
2
Suppose 3*v + 16 = b + 1016, -12 = 3*b. What is the hundreds digit of v?
3
Let m be (8 - 7)/((2*-1)/604). Let a = m - -485. What is the tens digit of a?
8
Suppose 3*q = -5*z + 20, q - 4 = 3*z - 2. Let p be (-9)/(-2) + z/2. Suppose 0 = 3*w + p*m - 79, w = m - 19 + 56. What is the tens digit of w?
3
Suppose -2020*w + 3768 = -2018*w. What is the hundreds digit of w?
8
Let q be -31 - (-10*(-4)/(-8) + 1). Let s = q + 29. What is the units digit of s?
2
Let c(h) = -3*h + 7*h - 2 - 5*h**2 + 4*h**2 + 3. What is the units digit of c(3)?
4
Let q = 2 - -44. Let w(v) = -v**2 + 7*v + 20. Let u be w(7). Let i = q - u. What is the units digit of i?
6
Suppose -3*z = -4*z + 6. What is the tens digit of 288/4 + z/2?
7
Suppose -5*m = -3*i - 151, -6*i + 108 = 3*m - 2*i. Suppose 2*n = 2, -2*n = -5*p + 18 + 5. Suppose p*s - 80 = o, -s + m = s - 4*o. What is the tens digit of s?
1
Suppose 3*h + 80 = 2*u + 509, -3*h + 5*u = -420. Suppose 2*p + 130 = -4*x, 2*x - p = -3*x - h. What is the units digit of x/4*(-108)/30?
7
Let u = 3262 - 2128. What is the hundreds digit of u?
1
Suppose 36*a - 8252 = 36136. What is the hundreds digit of a?
2
Let d be ((-12)/3)/(-4)*5. Suppose 13 - 33 = -4*o, -d*o + 6 = m. What is the units digit of (-10 - m)*4/3?
2
Let f(y) = -3*y + 13. Let t(s) = -s**2 - 7*s + 2. Let k be t(-7). Suppose -2*r - 10 = k. What is the tens digit of f(r)?
3
Suppose -4*w + 3120 = -v, -3*w + 3*v - 767 = -4*w. What is the tens digit of w?
7
Let g(b) = -79*b - 3. Let o be g(-2). Suppose 0 = 5*n - 2*d + o, -3*n - 4*d - 148 = -29. What is the units digit of (-6)/n + 852/33?
6
Suppose 0 = -0*o - 2*o + 222. Suppose 78 = 29*v - 30*v. Let s = o + v. What is the tens digit of s?
3
Let f(t) = -8*t + 2 - 3 - 5*t - 2 + t**2. What is the tens digit of f(16)?
4
Suppose 3257 = 4*y + 1033. What is the hundreds digit of y?
5
Let o(z) = -2873*z**3 + 4*z**2 + 5*z + 2. What is the units digit of o(-1)?
4
Let z be -5 - 2/(2 + -3). What is the units digit of -4*(3 + (-7 - z))?
4
Let l = 974 + -375. What is the units digit of l?
9
Let x be 15/(-5) + 0 + (-45)/(-3). Let g(q) = 14*q - 36. What is the tens digit of g(x)?
3
Suppose -19 = -4*o + p, 5*o = 2*p - p + 24. Suppose o*d - 2*d - 111 = 3*y, -4*d + 5*y = -149. What is the units digit of d?
6
Let v(q) = -q - 2. Let r be (-1 - 3) + (-18)/(-2). Let k be v(r). Let g = k - -18. What is the tens digit of g?
1
Suppose 0 = 12*o - o. Suppose -10*m + 483 + 1557 = o. What is the hundreds digit of m?
2
What is the tens digit of (14 - 270/20)/(2/5860)?
6
What is the hundreds digit of (-3)/(189/(-7)) + 20740/45?
4
Let s be -2 + 7 + (-2)/(-1) + -5. Suppose -82 = -4*m - 0*q - 3*q, s*m = -3*q + 38. What is the units digit of m?
2
Let z(w) = -4*w + 33. Let v be z(8). What is the hundreds digit of -2 - -114 - (3 - (v + 1))?
1
Let c be 20/4*4/5. Suppose c*l - 124 = -v, 3*l - 75 + 1 = 4*v. Let j = l + -13. What is the units digit of j?
7
Suppose -8 = -2*q - 2*q - 5*t, -q = -2*t - 15. What is the tens digit of -1*4 + q + 29?
3
Suppose -4*f + c = -6*f + 1138, f - 574 = -3*c. What is the hundreds digit of f?
5
Let q(f) = f**3 + 20*f**2 + 14*f + 30. What is the tens digit of q(-11)?
6
Suppose 27 - 127 = -4*s. Suppose -1470 = -32*g + s*g. What is the tens digit of g?
1
Let l(x) = 11*x + 9. Let k = -12 - -11. Let t = 4 - k. What is the tens digit of l(t)?
6
Let q(a) = -259*a - 286. What is the tens digit of q(-6)?
6
Let n be 8/(-128)*-4 + 111/4. Suppose -s = -n - 82. What is the units digit of s?
0
Let x(u) = -8 - 4 - 3*u - 8. Let a be x(-8). Suppose -42 = -a*b + 3*b. What is the tens digit of b?
4
Suppose -20 = 5*m - 4*d + 70, 5*d + 25 = 0. Let c(h) = 4*h - 5. Let u be c(2). Let s = u - m. What is the tens digit of s?
2
Let v be -1*(-2 + -23 + -2). Let r = -12 + v. What is the tens digit of r?
1
What is the tens digit of (-96)/(-18)*606/8?
0
Let y(b) = -5*b**3 - 2*b**3 + 6*b**3 + 2*b - 16*b**2 - 18*b - 17. Let x be y(-15). What is the units digit of -2 - (17 - -1)*x?
4
Let u be (-34)/(-10) + -1 - (-4)/(-10). Suppose 20 = 4*w, -u*q + w - 2*w + 91 = 0. What is the tens digit of q?
4
Suppose 2*k + 46 = -3*w - 29, 4*k = 2*w - 158. Let z = 41 + k. What is the units digit of z?
2
Suppose -4*n + 3038 = -3*c, 5*n - 258 - 3538 = 3*c. What is the hundreds digit of n?
7
Let o be (-4)/(-14)*(-3)/(6/(-28)). Suppose -4*m - 2*w - 586 = -8*m, 2*m = o*w + 308. What is the tens digit of m?
4
Suppose -2*y + 734 = -3*x, -3*x + x = y + 480. Let v = x + 435. What is the tens digit of v?
9
Let h(t) = -t - 3*t + 17*t**2 + 5*t. What is the units digit of h(1)?
8
Suppose -3*i = 5*v - 45, 28 + 27 = 4*i + 5*v. Let g be i/35 - 141/(-21). Suppose 4*w = -b + 5, -4*b - 11 = -3*w + g. What is the units digit of w?
2
Suppose 495 = 27*t + 6*t. What is the tens digit of t?
1
Suppose 5*x - 14 = 16. Suppose 6 + 30 = -2*f. What is the units digit of f/(-12)*164/x?
1
Let v = 9 - 6. Suppose 2*y + 2*p = 326, y - v*p - 220 = -73. What is the units digit of y?
9
What is the units digit of -1*1 + (-6426)/(-42)?
2
Let h = -186 - -308. Suppose -3*g - 16 = h. Let v = 86 + g. What is the tens digit of v?
4
Let f = 3 - -8. Let m(j) = 5*j + 18. What is the tens digit of m(f)?
7
Let f be ((-2)/2)/((-4)/8). Let o(k) = k**3 + 8 - 9*k + 17*k - 11*k**f - 20*k. What is the units digit of o(12)?
8
Let x = -816 + 2914. What is the thousands digit of x?
2
Let f(g) = -1. Let q(u) = 56*u + 9. Let k(y) = -4*f(y) - q(y). What is the hundreds digit of k(-2)?
1
Suppose 0 = 3*s - 5*c - 1939, -2*s - 12*c + 1256 = -8*c. What is the hundreds digit of s?
6
Suppose -4*l - 184 = -x - 2*x, -4*x - 16 = 0. Let b = l - -97. What is the tens digit of b?
4
Let c be (8 + 0)/(2 + 0). Suppose c*d = 8*d + 20. What is the tens digit of (-26 - 15/d)/(-1)?
2
Suppose 5*q - i = 1